
What is the ten millions digit of 57346960?
5
What is the billions digit of 2055770820?
2
What is the thousands digit of 91846686?
6
What is the thousands digit of 2170944219?
4
What is the millions digit of 186812181?
6
What is the units digit of 550438757?
7
What is the billions digit of 3143684512?
3
What is the millions digit of 298180880?
8
What is the millions digit of 224857571?
4
What is the millions digit of 27474572?
7
What is the units digit of 197125796?
6
What is the thousands digit of 55399616?
9
What is the units digit of 31081526?
6
What is the tens digit of 2336049956?
5
What is the ten millions digit of 1021870993?
2
What is the hundreds digit of 133075954?
9
What is the units digit of 391032522?
2
What is the thousands digit of 5531685388?
5
What is the hundred thousands digit of 3885611607?
6
What is the units digit of 9788701?
1
What is the ten millions digit of 270865641?
7
What is the millions digit of 101789381?
1
What is the hundred thousands digit of 36695932?
6
What is the ten millions digit of 1305822816?
0
What is the tens digit of 36618508?
0
What is the tens digit of 306089941?
4
What is the billions digit of 6894329164?
6
What is the tens digit of 14525385?
8
What is the millions digit of 2982128441?
2
What is the units digit of 48336341?
1
What is the tens digit of 2901168241?
4
What is the hundreds digit of 51491881?
8
What is the hundred thousands digit of 92378820?
3
What is the ten millions digit of 266453878?
6
What is the thousands digit of 148214999?
4
What is the millions digit of 90829292?
0
What is the millions digit of 1217002634?
7
What is the hundreds digit of 488741400?
4
What is the ten millions digit of 3551961865?
5
What is the thousands digit of 5747157719?
7
What is the billions digit of 2385897100?
2
What is the hundred thousands digit of 459722112?
7
What is the thousands digit of 1777254003?
4
What is the hundred thousands digit of 82881276?
8
What is the units digit of 145698190?
0
What is the ten thousands digit of 43471936?
7
What is the ten thousands digit of 56219094?
1
What is the ten thousands digit of 637292168?
9
What is the tens digit of 110809981?
8
What is the units digit of 31833983?
3
What is the hundred millions digit of 1469156955?
4
What is the ten thousands digit of 2065854636?
5
What is the thousands digit of 205954290?
4
What is the hundred thousands digit of 627110981?
1
What is the ten thousands digit of 34623616?
2
What is the tens digit of 8971978?
7
What is the hundreds digit of 24505589?
5
What is the units digit of 332646139?
9
What is the billions digit of 1834364012?
1
What is the tens digit of 65358031?
3
What is the hundreds digit of 1978584270?
2
What is the millions digit of 1677798622?
7
What is the ten millions digit of 3033844324?
3
What is the hundred thousands digit of 5816057339?
0
What is the ten millions digit of 32636721?
3
What is the units digit of 574810122?
2
What is the units digit of 4863201726?
6
What is the thousands digit of 5230866418?
6
What is the millions digit of 41466301?
1
What is the ten thousands digit of 27173656?
7
What is the hundreds digit of 491641739?
7
What is the hundred millions digit of 2983579643?
9
What is the tens digit of 65626108?
0
What is the hundreds digit of 3966471885?
8
What is the millions digit of 28477159?
8
What is the hundred millions digit of 1208109681?
2
What is the ten thousands digit of 163854148?
5
What is the ten millions digit of 15446324?
1
What is the ten thousands digit of 106328863?
2
What is the ten millions digit of 70612237?
7
What is the hundreds digit of 87639725?
7
What is the hundred millions digit of 250050159?
2
What is the hundred thousands digit of 122088443?
0
What is the millions digit of 1062626216?
2
What is the millions digit of 67257743?
7
What is the hundred millions digit of 139902703?
1
What is the tens digit of 73978500?
0
What is the hundred millions digit of 1338694340?
3
What is the hundreds digit of 46268782?
7
What is the hundreds digit of 184510?
5
What is the thousands digit of 386934918?
4
What is the tens digit of 3607112?
1
What is the millions digit of 555292120?
5
What is the millions digit of 93371006?
3
What is the ten millions digit of 2067982048?
6
What is the tens digit of 63674340?
4
What is the hundred thousands digit of 329621777?
6
What is the thousands digit of 73060667?
0
What is the units digit of 233242687?
7
What is the hundred thousands digit of 61956278?
9
What is the ten millions digit of 1382354378?
8
What is the thousands digit of 45603051?
3
What is the millions digit of 35924868?
5
What is the tens digit of 97257136?
3
What is the hundred millions digit of 103298780?
1
What is the units digit of 563842776?
6
What is the hundreds digit of 15048056?
0
What is the units digit of 1096649569?
9
What is the units digit of 2891829669?
9
What is the hundreds digit of 1535073899?
8
What is the hundreds digit of 23893921?
9
What is the units digit of 201164556?
6
What is the millions digit of 60337739?
0
What is the hundred thousands digit of 1196945282?
9
What is the hundreds digit of 3357448?
4
What is the hundreds digit of 644143844?
8
What is the hundred thousands digit of 371009015?
0
What is the millions digit of 13161032?
3
What is the millions digit of 6235116014?
5
What is the units digit of 79441366?
6
What is the hundreds digit of 6714474711?
7
What is the hundreds digit of 2160669996?
9
What is the hundred thousands digit of 106717707?
7
What is the hundred millions digit of 1231145195?
2
What is the ten millions digit of 56815782?
5
What is the ten thousands digit of 2977923702?
2
What is the ten thousands digit of 410308612?
0
What is the hundreds digit of 1685919265?
2
What is the ten millions digit of 7978926410?
7
What is the millions digit of 48348051?
8
What is the hundreds digit of 5377997?
9
What is the thousands digit of 691373277?
3
What is the ten millions digit of 6638187528?
3
What is the millions digit of 72950674?
2
What is the hundreds digit of 1148296297?
2
What is the ten thousands digit of 777938289?
3
What is the hundreds digit of 44762633?
6
What is the tens digit of 99038040?
4
What is the hundreds digit of 4708171137?
1
What is the millions digit of 32660548?
2
What is the ten millions digit of 47990901?
4
What is the hundred thousands digit of 96142581?
1
What is the thousands digit of 273101024?
1
What is the tens digit of 17219400?
0
What is the hundred thousands digit of 14283933?
2
What is the ten thousands digit of 277016054?
1
What is the ten millions digit of 479506797?
7
What is the hundreds digit of 12913750?
7
What is the hundred millions digit of 129110884?
1
What is the thousands digit of 235237658?
7
What is the ten millions digit of 440339236?
4
What is the units digit of 6616342454?
4
What is the millions digit of 977666236?
7
What is the thousands digit of 702363160?
3
What is the millions digit of 429153429?
9
What is the hundreds digit of 52033782?
7
What is the tens digit of 613324610?
1
What is the thousands digit of 105903012?
3
What is the hundred thousands digit of 126104056?
1
What is the thousands digit of 500634086?
4
What is the ten millions digit of 23309020?
2
What is the hundred millions digit of 142878823?
1
What is the hundred thousands digit of 76786964?
7
What is the thousands digit of 1334774648?
4
What is the ten thousands digit of 599669963?
6
What is the ten millions digit of 48362665?
4
What is the ten millions digit of 434073884?
3
What is the ten millions digit of 77471490?
7
What is the thousands digit of 111487850?
7
What is the ten thousands digit of 37635681?
3
What is the hundred thousands digit of 1615291256?
2
What is the ten thousands digit of 41898431?
9
What is the thousands digit of 117656264?
6
What is the ten thousands digit of 103917267?
1
What is the hundreds digit of 591818425?
4
What is the ten thousands digit of 37717706?
1
What is the thousands digit of 2669582?
9
What is the millions digit of 4075886796?
5
What is the tens digit of 144206829?
2
What is the units digit of 310873948?
8
What is the units digit of 83389539?
9
What is the hundred millions digit of 8975571706?
9
What is the tens digit of 69258696?
9
What is the hundreds digit of 86718031